20) - 6/8. What are the prime factors of ((-5)/(-5))/(c/(-18))?
3
Suppose 4*d = -4*f - 12, -5*d + 3*f + 2*f = -35. Let y(i) = i**3 - 6*i**2 + 2*i - 6. Let p be y(6). What are the prime factors of (-3 + d)/(-1)*p?
2, 3
Let l = -3 + 13. Let q = 33 - l. List the prime factors of q.
23
Let k(q) = -2*q + 6. Let o be k(-15). Suppose v = -0*v + o. List the prime factors of v.
2, 3
Let j = -7 + 11. Suppose -2*p = -j*p. Suppose p*s + 2*s = 14. What are the prime factors of s?
7
Let j(l) be the third derivative of 3*l**5/10 + l**3/6 - l**2. Let o(m) = -m**2 + m + 13. Let z be o(4). List the prime factors of j(z).
19
Let b(n) = -n**3 + 9*n**2 + n + 4. What are the prime factors of b(9)?
13
Let k = -44 + 51. What are the prime factors of k?
7
Suppose -q - 375 = -6*q. Suppose -6*u = -u - q. Let a = 26 - u. What are the prime factors of a?
11
Let z(x) = 1. Suppose m - 5*c = -0 + 9, -2*c = -m. Let g(h) = 5*h + 3. Let p(r) = m*z(r) + g(r). List the prime factors of p(2).
7
Suppose 5*t - 25 = t + 5*x, 27 = 3*t - x. Suppose 10 = -0*i + 4*i - 2*s, 0 = -2*i - 4*s + t. What are the prime factors of i?
3
Let i = 674 - 454. List the prime factors of i.
2, 5, 11
Let c(w) = w. Suppose -3*r - 1 = -13. List the prime factors of c(r).
2
Let c(t) = t - 1. Let h be c(6). Let b(g) = -g**3 - g**2 + 6*g + 4. Let v be b(-4). Suppose 8 + 18 = h*i - r, -5*i + v = -3*r. What are the prime factors of i?
5
Suppose 5*p = 4*o + 1785, -2*o + 5*o + 357 = p. What are the prime factors of p?
3, 7, 17
Suppose -4*n + 9 = -279. List the prime factors of n.
2, 3
Suppose 5*w + 56 = 16. Suppose -o - 3 = 3. List the prime factors of (4/o)/(w/108).
3
Let u be (36/(-15))/((-1)/5). Let f = u - 7. List the prime factors of f.
5
Let u(i) = i**2 - 8*i - 1. Let f be u(8). Let h be f*(1 + -1 + -1). Let z = 1 + h. List the prime factors of z.
2
Suppose 17 + 13 = 2*h. Let b = 27 - h. List the prime factors of b.
2, 3
Suppose 13*r - 9*r = 192. List the prime factors of r.
2, 3
Suppose y = -68 + 80. What are the prime factors of y?
2, 3
Suppose -5*p + 7 = 5*w - 8, 0 = -5*w. Suppose 0 = -p*y + 60. List the prime factors of y.
2, 5
Suppose -d = 2*h + 4*d + 4, 0 = -4*h + d + 14. Suppose h*s - 7 = 2*s. List the prime factors of s.
7
Suppose -38 = -5*n - 2*g, 2 = -n + 4*g - 8. What are the prime factors of n?
2, 3
Suppose -5*a + 16 = -4. Suppose a = 5*d - 4*d. What are the prime factors of d?
2
Suppose 2*v + 68 = 5*p, 0*v - 2*p = 3*v + 121. Let t = -7 - v. What are the prime factors of t?
2
Let p be -3 - 0 - (3 + -18). Let z = p - -4. List the prime factors of z.
2
Let d be (-2)/(30/(-9))*5. Suppose -d*t = -4*t. Suppose t = -4*b - 3*a + 99, -125 = b - 6*b - 4*a. What are the prime factors of b?
3, 7
Let g(t) = 12*t - 49. List the prime factors of g(12).
5, 19
Let s(j) = -j**2 - 10*j - 9. Let o(c) = c**2 - 7*c + 2. Let r be o(5). What are the prime factors of s(r)?
7
Let h(v) = v - 3. Let n be h(0). Let z = -5 + n. List the prime factors of (z + -1)*(-8)/8.
3
Suppose 7*t + 5*r - 20 = 2*t, t + 2*r - 4 = 0. Let p be ((-45)/(-10))/(2/t). Let c = -1 + p. List the prime factors of c.
2
Let d = -3 - -2. Let c(i) = -81*i**2 + 5*i + 16. Let b(v) = 16*v**2 - v - 3. Let o(u) = 11*b(u) + 2*c(u). List the prime factors of o(d).
2, 7
Let s = 1 - 6. Let y = 17 + s. List the prime factors of y.
2, 3
Let k be -2*4/4 - -11. Suppose -4*s + 2*z + 36 = 0, -4*z + k = s - 0*s. List the prime factors of s.
3
Let n(x) = x**2 - x - 4. Let y be n(3). Suppose 0 = q + y*q - 81. What are the prime factors of q?
3
Suppose -2*o + 7*o - 505 = 0. List the prime factors of o.
101
Suppose -17 - 3 = -5*p. Suppose 0*u = -p*u + 52. What are the prime factors of u?
13
Suppose -u = 5*h - 26, 3*u = -h - h + 26. Suppose 1 - u = -c. What are the prime factors of c?
5
Let i = 15 + 3. What are the prime factors of i?
2, 3
What are the prime factors of (-20)/(-6)*54/3?
2, 3, 5
Let k be 16/(-4) + 2/1. Let a(l) = -2*l**2 - l**3 + 3*l**2 + 0*l + 2*l + 1. List the prime factors of a(k).
3
Suppose 2*y + 2*y - 228 = 0. List the prime factors of y.
3, 19
Let a = 3 - -1. Suppose -j = -2*j + a. Suppose h = n + 5, -h - j*n = h - 28. What are the prime factors of h?
2
Let u = 13 - 20. Let f = u + 10. List the prime factors of (-30)/(-4)*2/f.
5
Let k = -9 + 52. List the prime factors of k.
43
Suppose -3*r - 52 = -3*g + 272, -6 = 3*r. List the prime factors of g.
2, 53
List the prime factors of (-12)/(-7)*4851/22.
2, 3, 7
Suppose 4*b - 24 = 4*n, 3 + 6 = -b - 4*n. Suppose 5*l - b*l = 8. What are the prime factors of l?
2
Suppose 5*m + 2*w - 66 = 66, -5*m + w = -144. List the prime factors of m.
2, 7
Let p = 359 - 110. What are the prime factors of p?
3, 83
List the prime factors of (-1221)/(-27) - -1 - 8/36.
2, 23
Let h(o) = o**2 - 3*o + 2. Let z be h(6). Let n = z + -13. What are the prime factors of n?
7
Let s(o) = -3*o - 9. Let n be s(-6). Let h be -3 - (9/3 + -7). Suppose h = -2*i + n. What are the prime factors of i?
2
Let t(g) = -4*g - 3*g + g**2 - 2*g - g + 3. What are the prime factors of t(10)?
3
Let l = 405 + -237. What are the prime factors of l?
2, 3, 7
Let t = 176 - 17. What are the prime factors of t?
3, 53
Let d = 101 - 11. List the prime factors of d.
2, 3, 5
Suppose 3*v - 38 = 31. What are the prime factors of v?
23
Suppose 0 = -2*f + 30 - 26. What are the prime factors of f?
2
Suppose -5*g = -42 + 12. Let t(d) = 5*d + 1. List the prime factors of t(g).
31
Let q(a) = 4*a - 5. List the prime factors of q(11).
3, 13
Suppose -a + 6 = 1. Let j = 3 - a. List the prime factors of 6/(-6)*12/j.
2, 3
Suppose 9*r - 130 = 4*r. Let s = -56 - -106. Suppose l + r = 2*d, s = 4*d + 2*l - 5*l. What are the prime factors of d?
2, 7
Let m(l) = 14*l + 2. List the prime factors of m(1).
2
Suppose o + 1 = -l - 1, -12 = 3*o + 5*l. List the prime factors of o + -2 + 16/4.
3
Suppose -2*v - v + 5*z + 3 = 0, 2*z - 24 = -3*v. What are the prime factors of (0 - 14)/((-12)/v)?
7
Let n(f) = f + 4. Let o be n(-2). Suppose 0 = -3*b - 5 - 10, -z + o = -4*b. List the prime factors of (-6)/z + 35/3.
2, 3
Let h(x) = x**3 + 3*x**2 - 3*x + 5. Let p(i) = i**3 + 4*i**2 - 3*i + 6. Let q(r) = 2*h(r) - 3*p(r). What are the prime factors of q(-7)?
2, 5
Suppose 0*a = -3*a - 6. Let x be 6/4 + a/(-4). Suppose -8 = x*q, 0*v + 5*q = -2*v - 6. List the prime factors of v.
7
List the prime factors of 7/4 + (-1)/(-4).
2
Let k(n) = -n + 1. Let z be k(-7). Suppose -z - 9 = -s. What are the prime factors of s?
17
Let l(k) = -k**3 + 12*k**2 + 7*k - 8. What are the prime factors of l(10)?
2, 131
Let o = 1 - 2. Let p(c) be the third derivative of -c**6/24 + c**5/30 + c**4/24 - 7*c**2. What are the prime factors of p(o)?
2, 3
Suppose 19 + 17 = -4*m. What are the prime factors of 3/m - 50/(-6)?
2
Let w = -2 - -6. List the prime factors of 12*3/w*2.
2, 3
Suppose g = -5*d + 270, -g = d + g - 54. Suppose -u + d = -j + 4*j, j - 2 = 5*u. What are the prime factors of j?
17
Let u(l) = l**2 - 4*l - 3. Let n(q) = -q**2 + q + 1. Let t(o) = -3*o**2 + 7*o - 2. Let r(j) = 2*n(j) - t(j). Let p be r(3). List the prime factors of u(p).
3
Let w be 3 - 25/(-2)*2. Suppose -4*k - w = -2*m, 0 = 4*m + 4*k - 0*k - 8. What are the prime factors of (6 - 3)/(m/38)?
19
Let w = 3 - -1. Suppose 0 = -p + 2*p - 54. List the prime factors of 444/p - w/18.
2
Let t = -10 + 9. Let v be 0 + -3 + t*31. What are the prime factors of (v*3/(-6))/1?
17
Suppose -g + 4*l + 106 = 2*g, 4*l + 174 = 5*g. What are the prime factors of g?
2, 17
Suppose 3*h + x - 6 = 4*x, 3*h - 4*x = 5. Let l(f) = f**3 - 2*f**2 + 3. What are the prime factors of l(h)?
2, 3
Let c(h) = h**3 - 2*h**2 - 4. Let d be c(3). Suppose d*s - 44 = 161. What are the prime factors of s?
41
Let f = 69 - 37. Let s = f + -17. What are the prime factors of s?
3, 5
Let s(v) = v**2 - 6*v - 3. List the prime factors of s(12).
3, 23
List the prime factors of 662/14 - 2/7.
47
Suppose -7*h + 10 = -8*h. List the prime factors of (-3 - -8)*(-48)/h.
2, 3
Let q = -11 - -16. Let r(m) = -3*m. Let y be r(q). Let a = y - -25. What are the prime factors of a?
2, 5
Suppose -5*b - 5*z + 1110 = 0, -b = 4*z - z - 228. What are the prime factors of b?
3, 73
Suppose -r - 20 = 2. Let u be r/18 - (-2)/9. What are the prime factors of -5*(-2 + u/(-5))?
3
Suppose -6 = -5*o - 6. Suppose -w - 48 = -2*y, 1 + 9 = -5*w. 